2*h, 0 = -5*w - 5*h + 5. Determine k(w).
10
Let t(w) = 7*w**3 - 6*w - 5. Let a(v) = 6*v + 87*v**2 + 10 - 86*v**2 - 8*v**3 - 4. Let c(y) = 6*a(y) + 7*t(y). Calculate c(-7).
-6
Let y = 9 - 9. Suppose y = -2*o + 5*k - 19, 5 + 3 = -4*o + 4*k. Let u(b) = b**2 - b. What is u(o)?
6
Let q(k) be the second derivative of 17*k**5/20 - k**4/12 - 71*k. What is q(1)?
16
Let s(x) be the second derivative of -x**5/20 + 5*x**4/6 + x**3/6 + 5*x**2 + 35*x + 1. What is s(10)?
20
Let i be (0 - (-1)/5) + (-2277)/(-1265). Let k(w) = -5*w + 9. What is k(i)?
-1
Let j(r) = -r**3 + 7*r**2 - 8*r + 5. Let q be (-21)/(-15) + -2 + (-12)/5. Let y be -1*(q - (-8)/(-4)). Give j(y).
15
Let q(f) = -6*f**2 - f + 1. Let y = -2 - -6. Let n(p) be the second derivative of p**5/20 - p**4/4 - 5*p**3/6 + 5*p**2/2 - 14*p. Let k be n(y). What is q(k)?
-6
Let m(i) = -i**2 - 5*i + 3. Let u = 7 - -3. Let l = u - 8. Let v be -3 - l/4*6. What is m(v)?
-3
Let w(s) = -s - 1. Let c(i) = -4*i. Let b(h) = c(h) - 5*w(h). Suppose q - l = -6, -2*l - 1 + 19 = -5*q. Let u be (2 - 2)/(q/1). Give b(u).
5
Suppose x - y = 3, 19 = x - 6*y + y. Let d(c) be the third derivative of c**5/10 + c**4/12 + c**3/6 - c**2. Calculate d(x).
5
Let w(t) = t**2 + 15*t + 2. Let r be w(-15). Let p(l) = -6*l**3 - 22 + 7*l**3 - l**r + 29. What is p(0)?
7
Let w(y) = -6*y + 2 - 4 + y + y**2. Let c(m) = -m**2 - m + 12. Let u be c(0). Let p = 17 - u. What is w(p)?
-2
Let r(f) be the first derivative of -5*f**2/2 - 6*f - 54. What is r(-4)?
14
Suppose 6 - 3 = -3*p. Let v(b) be the second derivative of 3*b**5/10 - b**4/12 - b**3/6 - b**2/2 - 177*b. Calculate v(p).
-7
Let x(g) = -3*g**2 + 10*g. Let a(c) = 7*c**2 - 20*c. Let q(m) = 2*a(m) + 5*x(m). Let h be q(10). Let s(f) = 5 + 3*f**2 - 3*f**2 + f**3. Give s(h).
5
Let v(f) = -3*f + f + 252 - 250. What is v(-3)?
8
Let l(y) = y**2 - 5*y + 1. Suppose 5*u - 6 = -2*a, 0 = -4*u + u. What is l(a)?
-5
Let c = -1934 - -1945. Let m(f) = f**3 - 11*f**2 + f - 11. Calculate m(c).
0
Let i be (-58)/(-68)*-6 + 10/85. Let r(h) = -h - 9. Calculate r(i).
-4
Let w(z) = -4*z - 1. Let h = -345 + 342. Calculate w(h).
11
Let r(w) = -2*w - 25. Suppose 2*k = -3*t - 41, k = -13*t + 11*t - 23. Give r(k).
1
Let h(u) = -u**3 + 5*u**2 + 10*u - 15. Let b(j) = 7*j**2 - 225*j + 38. Let l be b(32). Give h(l).
9
Let k(r) = -3 + 1 + r - 5. Suppose -3*p = -3*b + 3, 0 = -5*b - 5*p + 55 - 0. Determine k(b).
-1
Let y(d) = 6*d**2 - d**3 + 4 + 5 - 14. Let n(z) = z**3 - 11*z**2 + 12*z - 14. Let q be n(10). Calculate y(q).
-5
Let i(l) = -2*l**3 + 4*l**2 - 3*l. Let x be 4 + (0 - (0 - -3)). Let t = 5 + x. Suppose 0 = -5*b + 5*o - 10, 3*b + 2*b + t = 4*o. Give i(b).
-6
Let p be 7/(-2) + (-2)/4. Let y be ((-8)/(-10))/((-8)/(-40)). Let s(b) = -4*b + 7*b - y*b - 3. Give s(p).
1
Let q = 55 - 79. Let d be (q/(-18) - 1/3)*3. Let c(l) = -l**3 + 2*l**2 - 2*l + 4. Calculate c(d).
-11
Let r(z) = -z**2 + 5*z + 12. Suppose 33 = 4*b + 5. Calculate r(b).
-2
Let w(y) be the second derivative of -9 + 0*y**2 + 1/2*y**3 - 1/20*y**5 + 3*y + 1/4*y**4. Determine w(4).
-4
Suppose 0 = 3*p + x - 17, -4*x = 5*p - 5*x - 23. Let h(n) = -6*n**2 - 5*n**3 - 2*n - 7 + 6*n**3 + 7*n. Calculate h(p).
-7
Let p(s) = 3*s + 3. Suppose 47*t = 40*t + 21. Give p(t).
12
Let g = -641 - -638. Let w(a) = 1. Let q(x) = -4*x + 6. Let p(b) = -q(b) + 10*w(b). What is p(g)?
-8
Let z(u) be the second derivative of 1/2*u**2 - 1/8*u**4 + u**3 + 5*u + 0 - 1/60*u**5. Let k(y) be the first derivative of z(y). Calculate k(-5).
-4
Suppose 8*y + 114 = 11*y. Let x(a) = -y*a + 36*a - 2 + 7. What is x(4)?
-3
Let o(q) = -q**3 + 10*q**2 - 8*q - 8. Let z be (-410)/(-15)*-3 - 0. Let u = -73 - z. Give o(u).
1
Let f(p) = 4*p**3 + 3*p**2 + 3*p + 3. Let d(t) = 3*t**3 + 4*t**2 + 3*t + 4. Let h(l) = 2*d(l) - 3*f(l). Give h(-2).
49
Suppose -2*o = 5*g - 14, 5*g - 2 = 4*o - 0. Suppose f - 6 = q, 3*q = 5*q + o*f + 12. Let x(i) = -i - 7. What is x(q)?
-1
Let u(z) = z**3 - 4*z**2 - 4*z. Let c = -81 - -96. Let g(r) = -10 + 20*r - 4*r + 2*r**2 - 3*r**2. Let p be g(c). What is u(p)?
5
Suppose -5*k = 4*z, 3*z = 4*z. Let c(y) be the first derivative of y**4/4 + 9*y + 3. Calculate c(k).
9
Suppose 29 = 5*x - 16. Let m(u) = u**3 - 10*u**2 + 12*u - 13. Let r be m(x). Let h = r - 14. Let o(a) = a - 13. Give o(h).
-13
Suppose -5*n = -4*n - 2. Let l(k) = -5*k**2 + 7*k**n - 5*k + 2 + 3*k**3 - k**2. Let m(i) = 4*i**3 - 6*i + 3. Let g(q) = 5*l(q) - 4*m(q). Calculate g(5).
-7
Let f(m) be the first derivative of -2*m**2 - 7*m - 32. Let s(j) = -5*j - 8. Suppose 0 = 2*r + 3*r - 25. Let g(d) = r*s(d) - 6*f(d). Calculate g(2).
0
Let t(v) = -11*v - 7 + 4*v - 2*v + 4*v. Determine t(7).
-42
Let h(m) = 5*m - 4. Let j(d) = -d. Let q(f) = h(f) + 6*j(f). Let c be q(2). Let t(w) = w**3 - 6*w - 3 - 7*w**2 - 2*w**3 - 1. Calculate t(c).
-4
Let q(z) be the second derivative of -5*z**4/12 + z**3/6 - z**2 - 26*z + 3. Calculate q(2).
-20
Let s(h) = -4*h**2 - 81*h - 11. Let t be s(-20). Let r(q) = -q**2 + 11*q - 26. Give r(t).
-8
Let o(a) = 4*a - 5. Let q(s) = -8*s + 11. Let n(t) = 13*o(t) + 6*q(t). Let k be (-20)/(-35)*(-5)/(10/7). Calculate n(k).
-7
Let s(h) = -h**2 - 8*h - 10. Let m be 19 + -2 - (5 + -2). Suppose -3*a = -a + m. Calculate s(a).
-3
Suppose -w + 4*w = 0. Let b(o) = -1 + w - 20*o + 21*o. Calculate b(3).
2
Let j = -1224 + 1222. Let b(a) = -a**3 - 2*a**2 - 2*a + 4. Calculate b(j).
8
Let b(w) = -w - 14. Suppose 187 = -9*l + 88. What is b(l)?
-3
Suppose 29*u = 13*u + 48. Let b(p) = u - 4 - 2606*p - p**2 + p**3 + 2605*p. Suppose 3*n + 15 = 4*q - 0*n, -4*n = 4*q + 20. Determine b(q).
-1
Let r(o) = 0*o**2 + 10*o**2 + 9*o - 9*o**2 + 9 + 14 - 27. Give r(-7).
-18
Let d(t) be the third derivative of t**4/12 - t**3/3 - t**2. Let v = -158 - -162. Suppose 3*h = 4*q + 7*h, -v*h - 16 = 0. Calculate d(q).
6
Let q(x) = -x**3 - 6*x**2 - 5*x - 6. Let f be q(-5). Let h(n) be the second derivative of n**4/12 + 2*n**3/3 - 3*n**2 + 77*n. Give h(f).
6
Let k(t) = t**3 - 5*t**2 - 9*t + 7. Suppose -57 = -7*y - 15. Let f be y/9*-3 - -8. Calculate k(f).
-11
Suppose 5*p = p - 3*r - 20, r = -2*p - 8. Let y(c) be the third derivative of -1/6*c**4 + 1/6*c**3 + 0*c + 9*c**2 + 0. Calculate y(p).
9
Let v(s) = 8*s**3 + 1. Let t = 0 - 2. Let j = t - -6. Suppose -j*p + p = 3. Give v(p).
-7
Let t(b) = -4*b - 15. Let w be t(6). Let m be 19/3 - (w/(-9) - 5). Let g(d) = 2*d - 2. Give g(m).
12
Let i be 1 + 4*(14/4 + -3). Suppose -v + i*s = 11, 2*v - 3*s + 5*s = -22. Let g(b) = b**2 + 11*b - 2. Determine g(v).
-2
Let p(l) = l - 10. Let s(r) = 4*r - 40. Let u(y) = 9*p(y) - 2*s(y). Let c(o) = 4*o - 15. Let z be c(6). Give u(z).
-1
Let o(j) = -3*j**3 - 6*j**2 - 5*j - 4. Let s(a) = a**3 + a**2 + 1. Let b be (-45)/15 + (0 - -1). Let x(m) = b*s(m) - o(m). Determine x(-3).
-4
Let v(m) = m + 5. Let b(l) = -2*l**2 - l + 13. Let q be b(3). Give v(q).
-3
Let z(f) = 4*f - 11. Let l = 32 + -28. Calculate z(l).
5
Let d be (-1 - -3)*(1/(-2))/1. Let r(c) = -24*c - 25*c + 1 + 3. Let u(l) = 12*l - 1. Let x(i) = -2*r(i) - 9*u(i). Give x(d).
11
Suppose -4*a - 7 - 5 = 0, 2*t = 3*a + 19. Let j(w) = -2*w - 3 - 3 + 3 + t*w**2 - 2*w**2. Let x = 2 + -4. What is j(x)?
13
Let o(a) = -a**2 + a - 1. Let n(x) = x**3 - 7*x**2 + 9*x - 7. Let m(d) = n(d) + o(d). Determine m(6).
-20
Let a(y) = y**3 - 2*y**2 + 3*y - 2. Suppose -18 = 2*c - 22. Let x be -1 + 5 - (c - 0). What is a(x)?
4
Let i be 589/31 - (-2 - -10). Let g(v) = v**2 - 12*v - 12. Determine g(i).
-23
Let l(f) = -7 + 139742*f**2 - 7*f - 139737*f**2 - 1 + f**3. What is l(-6)?
-2
Suppose 0*z + 4*z = 5*q - 2, 4 = 3*z - q. Let j(w) = 7*w**z + w**3 - 125*w + 2 + 125*w. Determine j(-7).
2
Suppose 5 = -2*h - 9. Suppose -10 = 5*y - 30. Let q(a) = -y*a**2 + 7*a - 7 - 4*a**2 - 3*a**2 + 12*a**2. Determine q(h).
-7
Let p(a) be the third derivative of -a**7/2520 - a**6/180 - a**5/60 + a**2. Let o(t) be the third derivative of p(t). Let w = 725 + -730. Give o(w).
6
Let r(i) be the third derivative of 0 + 32*i**2 + 3/2*i**3 + 0*i + 1/12*i**4. Give r(-7).
-5
Let z = -4 - -8. Let b = -3 - z. Let y(a) = a**2 + 8*a - 4. Give y(b).
-11
Let i(p) = p**2 - 13*p + 5. Let d be (-42)/(-9)*27/36*4. Calculate i(d).
19
Let y(j) = -2*j**3 + 9*j**2 + 2*j + 5. Let t(a) = 2*a**3 - 10*a**2 - 3*a - 6. Let m be (-5 - 4)*2/3. Let l(h) = m*y(h) - 5*t(h). Give l(2).
6
Let h be ((-8